{"id":5,"date":"2016-05-11T08:32:04","date_gmt":"2016-05-11T08:32:04","guid":{"rendered":"http:\/\/bridge36.qodeinteractive.com\/?page_id=5"},"modified":"2020-04-25T03:53:24","modified_gmt":"2020-04-25T03:53:24","slug":"home-7","status":"publish","type":"page","link":"https:\/\/www.visualworld.com.br\/estudio\/","title":{"rendered":"Home"},"content":{"rendered":"<p>[vc_row row_type=&#8221;parallax&#8221; parallax_content_width=&#8221;full_width&#8221; text_align=&#8221;center&#8221; full_screen_section_height=&#8221;yes&#8221; background_image=&#8221;15517&#8243;][vc_column][vc_row_inner row_type=&#8221;row&#8221; type=&#8221;full_width&#8221; text_align=&#8221;center&#8221; css_animation=&#8221;&#8221; background_color=&#8221;#ffb03b&#8221; css=&#8221;.vc_custom_1462957867534{padding-top: 24px !important;padding-bottom: 24px !important;}&#8221;][vc_column_inner][vc_column_text]<\/p>\n<h5><span style=\"color: #ffffff;\"> NOSSO SITE EST\u00c1 EM MANUTEN\u00c7\u00c3O <\/span><\/h5>\n<p>[\/vc_column_text][\/vc_column_inner][\/vc_row_inner][vc_row_inner row_type=&#8221;row&#8221; type=&#8221;full_width&#8221; text_align=&#8221;center&#8221; css_animation=&#8221;&#8221;][vc_column_inner][qode_elements_holder number_of_columns=&#8221;one_column&#8221;][qode_elements_holder_item vertical_alignment=&#8221;top&#8221; advanced_animations=&#8221;no&#8221; item_padding=&#8221;9% 0 5.8% 0&#8243; item_padding_600_768=&#8221;20% 0 12% 0&#8243; item_padding_480_600=&#8221;20% 0 13% 0&#8243; item_padding_480=&#8221;20% 0 14% 0&#8243;][vc_column_text]<\/p>\n<h1><span style=\"color: #ffffff;\">Em breve<\/span><\/h1>\n<p>[\/vc_column_text][\/qode_elements_holder_item][\/qode_elements_holder][\/vc_column_inner][\/vc_row_inner][vc_row_inner row_type=&#8221;row&#8221; type=&#8221;grid&#8221; text_align=&#8221;center&#8221; css_animation=&#8221;&#8221; css=&#8221;.vc_custom_1462957605249{padding-bottom: 4% !important;}&#8221;][vc_column_inner width=&#8221;1\/3&#8243;]<span data-type=\"normal\" data-hover-icon-color=\"#ffffff\" class=\"qode_icon_shortcode  q_font_awsome_icon fa-lg pull-center \" style=\" \"><i class=\"qodef-icon-linea-icon icon-basic-message qode_icon_element\" style=\"font-size: 83px;color: #ffb03b;\" ><\/i><\/span>[vc_separator type=&#8221;transparent&#8221; thickness=&#8221;0&#8243; up=&#8221;0&#8243; down=&#8221;24&#8243;][vc_column_text]<\/p>\n<h3><span style=\"color: #ffffff;\">Contato<\/span><\/h3>\n<p>[\/vc_column_text][vc_separator type=&#8221;transparent&#8221; thickness=&#8221;0&#8243; up=&#8221;0&#8243; down=&#8221;18&#8243;][vc_column_text]<span style=\"color: #ffffff;\"><a href=\"mailto:contato@visualworld.com.br\">contato@visualworld.com.br<\/a><\/span><br \/>\n<span style=\"color: #ffffff;\">Ligue para 11 3213-6121<\/span>[\/vc_column_text][vc_separator type=&#8221;transparent&#8221; thickness=&#8221;0&#8243; up=&#8221;0&#8243; down=&#8221;35&#8243;][\/vc_column_inner][vc_column_inner width=&#8221;1\/3&#8243;]<span data-type=\"normal\" data-hover-icon-color=\"#ffffff\" class=\"qode_icon_shortcode  q_font_awsome_icon fa-lg pull-center \" style=\" \"><i class=\"qodef-icon-linea-icon icon-basic-geolocalize-05 qode_icon_element\" style=\"font-size: 83px;color: #ffb03b;\" ><\/i><\/span>[vc_separator type=&#8221;transparent&#8221; thickness=&#8221;0&#8243; up=&#8221;0&#8243; down=&#8221;24&#8243;][vc_column_text]<\/p>\n<h3><span style=\"color: #ffffff;\">Escrit\u00f3rio<\/span><\/h3>\n<p>[\/vc_column_text][vc_separator type=&#8221;transparent&#8221; thickness=&#8221;0&#8243; up=&#8221;0&#8243; down=&#8221;18&#8243;][vc_column_text]<span style=\"color: #ffffff;\">Rua Cam\u00e9, 974 Mooca<\/span><br \/>\n<span style=\"color: #ffffff;\"> S\u00e3o Paulo\/sp<\/span>[\/vc_column_text][vc_separator type=&#8221;transparent&#8221; thickness=&#8221;0&#8243; up=&#8221;0&#8243; down=&#8221;35&#8243;][\/vc_column_inner][vc_column_inner width=&#8221;1\/3&#8243;]<span data-type=\"normal\" data-hover-icon-color=\"#ffffff\" class=\"qode_icon_shortcode  q_font_awsome_icon fa-lg pull-center \" style=\" \"><i class=\"qodef-icon-linea-icon icon-basic-message qode_icon_element\" style=\"font-size: 83px;color: #ffb03b;\" ><\/i><\/span>[vc_separator type=&#8221;transparent&#8221; thickness=&#8221;0&#8243; up=&#8221;0&#8243; down=&#8221;24&#8243;][vc_column_text]<\/p>\n<h3><span style=\"color: #ffffff;\">Parceiros<\/span><\/h3>\n<p>[\/vc_column_text][vc_separator type=&#8221;transparent&#8221; thickness=&#8221;0&#8243; up=&#8221;0&#8243; down=&#8221;18&#8243;][vc_column_text]<span style=\"color: #ffffff;\">Envie seu portf\u00f3lio e curr\u00edculo.<\/span><br \/>\n<span style=\"color: #ffffff;\">N\u00f3s responderemos o mais r\u00e1pido poss\u00edve<\/span>[\/vc_column_text][vc_separator type=&#8221;transparent&#8221; thickness=&#8221;0&#8243; up=&#8221;0&#8243; down=&#8221;35&#8243;][\/vc_column_inner][\/vc_row_inner][vc_row_inner row_type=&#8221;row&#8221; type=&#8221;full_width&#8221; text_align=&#8221;center&#8221; css_animation=&#8221;&#8221;][vc_column_inner][qode_elements_holder number_of_columns=&#8221;one_column&#8221;][qode_elements_holder_item vertical_alignment=&#8221;top&#8221; advanced_animations=&#8221;no&#8221; item_padding=&#8221;6.5% 0 8% 0&#8243; item_padding_600_768=&#8221;9% 0 17% 0&#8243;]<span data-type=\"normal\" data-hover-icon-color=\"#ffb03b\" class=\"qode_icon_shortcode  q_font_awsome_icon fa-lg  \" style=\"margin: 0 46px 0 0; \"><a  itemprop=\"url\" href=\"https:\/\/www.facebook.com\/VisualWorld\" target=\"_blank\"><span aria-hidden=\"true\" class=\"qode_icon_font_elegant social_facebook qode_icon_element\" style=\"font-size: 22px;color: #ffffff;\" ><\/span><\/a><\/span><span data-type=\"normal\" data-hover-icon-color=\"#ffb03b\" class=\"qode_icon_shortcode  q_font_awsome_icon fa-lg  \" style=\"margin: 0 46px 0 0; \"><a  itemprop=\"url\" href=\"https:\/\/www.twitter.com\/Visual_world\" target=\"_blank\"><span aria-hidden=\"true\" class=\"qode_icon_font_elegant social_twitter qode_icon_element\" style=\"font-size: 22px;color: #ffffff;\" ><\/span><\/a><\/span><span data-type=\"normal\" data-hover-icon-color=\"#ffb03b\" class=\"qode_icon_shortcode  q_font_awsome_icon fa-lg  \" style=\"margin: 0 46px 0 0; \"><a  itemprop=\"url\" href=\"https:\/\/www.linkedin.com\/company\/visual-world-comunica-o-e-publicidade\" target=\"_blank\"><span aria-hidden=\"true\" class=\"qode_icon_font_elegant social_linkedin qode_icon_element\" style=\"font-size: 22px;color: #ffffff;\" ><\/span><\/a><\/span><span data-type=\"normal\" data-hover-icon-color=\"#ffb03b\" class=\"qode_icon_shortcode  q_font_awsome_icon fa-lg  \" style=\"margin: 0 0 0 0; \"><a  itemprop=\"url\" href=\"https:\/\/www.instagram.com\/estudiovisualworld\" target=\"_blank\"><span aria-hidden=\"true\" class=\"qode_icon_font_elegant social_instagram qode_icon_element\" style=\"font-size: 22px;color: #ffffff;\" ><\/span><\/a><\/span>[\/qode_elements_holder_item][\/qode_elements_holder][\/vc_column_inner][\/vc_row_inner][\/vc_column][\/vc_row]<\/p>\n","protected":false},"excerpt":{"rendered":"<p>[vc_row row_type=&#8221;parallax&#8221; parallax_content_width=&#8221;full_width&#8221; text_align=&#8221;center&#8221; full_screen_section_height=&#8221;yes&#8221; background_image=&#8221;15517&#8243;][vc_column][vc_row_inner row_type=&#8221;row&#8221; type=&#8221;full_width&#8221; text_align=&#8221;center&#8221; css_animation=&#8221;&#8221; background_color=&#8221;#ffb03b&#8221; css=&#8221;.vc_custom_1462957867534{padding-top: 24px !important;padding-bottom: 24px !important;}&#8221;][vc_column_inner][vc_column_text] NOSSO SITE EST\u00c1 EM MANUTEN\u00c7\u00c3O [\/vc_column_text][\/vc_column_inner][\/vc_row_inner][vc_row_inner row_type=&#8221;row&#8221; type=&#8221;full_width&#8221; text_align=&#8221;center&#8221; css_animation=&#8221;&#8221;][vc_column_inner][qode_elements_holder number_of_columns=&#8221;one_column&#8221;][qode_elements_holder_item vertical_alignment=&#8221;top&#8221; advanced_animations=&#8221;no&#8221; item_padding=&#8221;9% 0 5.8% 0&#8243; item_padding_600_768=&#8221;20% 0 12% 0&#8243; item_padding_480_600=&#8221;20% 0 13% 0&#8243; item_padding_480=&#8221;20% 0 14% 0&#8243;][vc_column_text]&#8230;<\/p>\n","protected":false},"author":1,"featured_media":0,"parent":0,"menu_order":0,"comment_status":"closed","ping_status":"closed","template":"landing_page.php","meta":{"footnotes":""},"jetpack_sharing_enabled":true,"_links":{"self":[{"href":"https:\/\/www.visualworld.com.br\/estudio\/wp-json\/wp\/v2\/pages\/5"}],"collection":[{"href":"https:\/\/www.visualworld.com.br\/estudio\/wp-json\/wp\/v2\/pages"}],"about":[{"href":"https:\/\/www.visualworld.com.br\/estudio\/wp-json\/wp\/v2\/types\/page"}],"author":[{"embeddable":true,"href":"https:\/\/www.visualworld.com.br\/estudio\/wp-json\/wp\/v2\/users\/1"}],"replies":[{"embeddable":true,"href":"https:\/\/www.visualworld.com.br\/estudio\/wp-json\/wp\/v2\/comments?post=5"}],"version-history":[{"count":5,"href":"https:\/\/www.visualworld.com.br\/estudio\/wp-json\/wp\/v2\/pages\/5\/revisions"}],"predecessor-version":[{"id":15525,"href":"https:\/\/www.visualworld.com.br\/estudio\/wp-json\/wp\/v2\/pages\/5\/revisions\/15525"}],"wp:attachment":[{"href":"https:\/\/www.visualworld.com.br\/estudio\/wp-json\/wp\/v2\/media?parent=5"}],"curies":[{"name":"wp","href":"https:\/\/api.w.org\/{rel}","templated":true}]}}